p**2 + 12*p + 67. List the prime factors of b(-6).
211
List the prime factors of 27*2*3/9.
2, 3
Let r = -3 - -6. Suppose 0 = -k - r*k + 88. What are the prime factors of k?
2, 11
Let t(q) = 3*q - 3. Let i be t(5). Let u = 24 - i. What are the prime factors of u?
2, 3
Let d be 395/45 - (-4)/18. Let s = -15 + d. List the prime factors of (-28)/(-6) + (-2)/s.
5
Let n = -51 + 76. List the prime factors of n.
5
Suppose 2*n = 3*d - n - 51, 0 = -2*d + 3*n + 31. Let i = d - 8. What are the prime factors of i?
2, 3
Suppose 94*c - 98*c = -140. List the prime factors of c.
5, 7
Suppose 2*u - 5 = -2*u - b, 15 = -5*u + 3*b. Suppose f - 5*g - 4 = 17, u = -2*f - 5*g - 18. What are the prime factors of f/(2/(-6)*-1)?
3
Let z = -3 + 6. Suppose 2*w + w = y - 18, -5*y + 30 = -z*w. Suppose -2*t + 26 = -5*n + y, -t - 2*n = -7. What are the prime factors of t?
3
Let j = -13 - -7. List the prime factors of j*2/(-9)*15.
2, 5
Let u(x) = -x**3 - 3*x**2 + 3*x - 1. What are the prime factors of u(-5)?
2, 17
Let d = 1 - 6. List the prime factors of 2/d + 2496/65.
2, 19
Let q(c) be the second derivative of -c**6/240 - c**5/40 - c**4/12 - 2*c. Let b(w) be the third derivative of q(w). What are the prime factors of b(-4)?
3
Let t = 4 + -11. Let z = 19 + t. What are the prime factors of z?
2, 3
Suppose 2*v = -f + v + 72, 0 = 5*f - 2*v - 381. List the prime factors of f.
3, 5
Let k be 3/(1/(-2) - 1). Let y(b) = 3*b**2 + 1. What are the prime factors of y(k)?
13
Suppose 0 = 4*z + 5*n - 284 - 312, 0 = z + 5*n - 134. List the prime factors of z.
2, 7, 11
Let z(i) = -i**2 - 6*i - 10. Let t(x) = 1. Let v(p) = -4*t(p) - z(p). What are the prime factors of v(-6)?
2, 3
What are the prime factors of -21 + 21 - (-21 + -1)?
2, 11
Suppose 4*w - 4*g = 2 + 10, 2*w + 2 = -2*g. Suppose 0*k - 4*a = k - w, 3*k + a = 25. Let l = 19 - k. What are the prime factors of l?
2, 5
Let z(r) = 3*r + 5. What are the prime factors of z(9)?
2
Let v = 37 + -69. List the prime factors of 8/v - 9/(-4).
2
Suppose 42 + 18 = 3*t. List the prime factors of t.
2, 5
What are the prime factors of (8/(-6))/(11/(-198))?
2, 3
Let p(j) = j - 2. Let d be p(3). Let f = 4 - d. Suppose 0 = f*z + h - 32, -z + 13 = -h - 3. List the prime factors of z.
2, 3
Let o be ((-4)/10)/((-5)/50). Suppose 4*k + 34 = m + 101, 2*k + o*m = 38. List the prime factors of k.
17
Let b(h) = h**2 - 2. Let u be b(-2). What are the prime factors of (-14)/(-2)*(u - 1)?
7
Let x = 3 + 0. Suppose 3*f = -x*n + 42, 0 = 5*f + 4*n - 8*n - 70. List the prime factors of f.
2, 7
Suppose 0*c - 84 = -3*c. List the prime factors of c.
2, 7
Suppose -2*y - 96 = 2*y. Let j = -16 - y. List the prime factors of j.
2
Let n = 27 + 27. List the prime factors of n.
2, 3
Suppose m - 2 = -10. Let w = 12 + m. Suppose 16 = w*l + 2*r, -5*l + 16 = -l - 3*r. List the prime factors of l.
2
Let h be (-486)/14 - 6/21. Let u = h - -66. List the prime factors of u.
31
Let j(k) = -4*k**2 + 3*k**2 + 4*k - 4*k + 2*k. Let r be j(3). What are the prime factors of (-6)/9 + (-23)/r?
7
Suppose 4*w - 3*x = -18 + 1, 2*x - 14 = 4*w. What are the prime factors of (1 - -21)/1 + w?
2, 5
Let p = 9 + -6. Suppose -5*z + 12 = -4*q + p*q, 0 = 4*z - 16. List the prime factors of q.
2
Let c be 1/2*-6 - -6. Suppose 0 = c*y - 3*i - 33, -3*y + 4*i + 2 = -34. What are the prime factors of y?
2
Suppose -4*y + 160 = -28. List the prime factors of y.
47
Let g(u) = -2*u + 1. What are the prime factors of g(-6)?
13
Let a(d) be the third derivative of -d**4/8 - 7*d**3/6 - 3*d**2. List the prime factors of a(-6).
11
Let y(o) = 23*o - 9. What are the prime factors of y(4)?
83
Suppose -318 = -5*t - 118. What are the prime factors of t?
2, 5
Suppose 2*r + r = 462. What are the prime factors of r?
2, 7, 11
Suppose -5 = 5*t, -3*t = 2*p + p + 54. Let z = 5 - p. Suppose 0 = -5*o - 25, 5*n - 2*o - z = n. What are the prime factors of n?
3
Suppose -4*i + 31 = -6*z + 3*z, -z - 21 = -4*i. List the prime factors of i.
2
Let f = 4 - 0. Suppose 3 = -o + f*o. What are the prime factors of o/(4/(-5) + 1)?
5
Let r(y) = 3 - 6*y + 9 - 4 - y**2. Let d be r(-7). Suppose 2*o - 7 = -d. What are the prime factors of o?
3
Let g = -28 + 109. Suppose 4*v = v + g. What are the prime factors of v?
3
Let y(s) = -11*s + 12. List the prime factors of y(-2).
2, 17
Let f(l) = -3*l - 2. Let o be f(1). Let x = 9 + o. Suppose 0*i - 68 = -x*i. List the prime factors of i.
17
Let h = 18 + -18. Suppose -5*k + 87 + 68 = h. What are the prime factors of k?
31
Let t(i) = -8*i**2 + i. Let n be t(1). List the prime factors of (-2)/(-6)*0 - n.
7
Let y be -8 - (3 + -5 - 1). List the prime factors of 35/(-14)*12/y.
2, 3
Let g(b) = b**2 - 7*b + 4. Let y be g(5). Let z = -3 - y. Suppose -12 = 3*j - 0*j, -3*j + 3 = z*p. What are the prime factors of p?
5
List the prime factors of 5/((-15)/2) + 6544/24.
2, 17
Suppose 2*h + 4 = h. What are the prime factors of (h/(-4))/(4/92)?
23
Suppose 2*m + 9 = -3*d + 86, 4*d + 12 = 0. List the prime factors of m.
43
Let k be (0 - (-1 + 3)) + 55. Let p = -34 + k. Suppose 5*w - 5*l + 3 = 13, -5*w - 4*l = -p. List the prime factors of w.
3
List the prime factors of (-55)/2*(-144)/45.
2, 11
Suppose 2*q - 5*q = -3*z, q - 2*z = -3. Suppose -r + 3*r = 3*m + 3, -q*m + 4*r = 3. What are the prime factors of (-1)/(m - 10/(-12))?
2, 3
Let x(h) = 5*h + 2. Let z = -5 + 3. Let d be x(z). What are the prime factors of (-1 - 0)/(2/d)?
2
Suppose -4*g + 47 = 2*s - 1, -5*g = 15. What are the prime factors of s?
2, 3, 5
Let q = -10 - -9. Let p = 5 + q. What are the prime factors of p?
2
List the prime factors of -6 + (-1 + -13)*-5.
2
Let h(n) = -n**2 + 11*n - 7. Suppose 10 = -0*d + 2*d, 5*a - 45 = -d. List the prime factors of h(a).
17
Suppose -11 - 2 = -k. Suppose 0 = -o + 2*o - k. What are the prime factors of o?
13
Let c = 78 + -40. Suppose 4 = -b, -b - 22 = -0*x - 3*x. What are the prime factors of c/6 - (-4)/x?
7
Let b(f) = 7*f**2 + 2*f + 1. Let d(o) = o**2 - 7*o + 5. Let m be d(6). List the prime factors of b(m).
2, 3
Suppose -4*t + 156 = -7*t. Let w = t + 99. What are the prime factors of w?
47
Let q be 0 + (4 - 0) + -2. Let z(r) = 1 + 9*r**2 + 2*r**2 + r + r**q. List the prime factors of z(-1).
2, 3
Suppose -3*u - 78 = -6*u. Let j be 6/(11/2 - 4). What are the prime factors of j/(-8) + u/4?
2, 3
Let r(k) = k**3 - 4*k**2 + 3. Let t = -7 - -11. What are the prime factors of r(t)?
3
Suppose 2*b = -0*c + 2*c + 2, 5*c - 25 = -5*b. What are the prime factors of b?
3
Let w be (8/(-10))/(6/75). Let c(d) = -d**3 - 11*d**2 - 12*d + 1. What are the prime factors of c(w)?
3, 7
Suppose -2*c + 5*b - 23 = 0, -3*c = -0*c + 3*b + 3. What are the prime factors of c + -2 + 35 + 0?
29
Let w be 10*(2/(-4) - -1). Suppose -w*v = -3*f + 65, 7*f + 2*v = 2*f + 67. List the prime factors of f.
3, 5
Let z(p) = -3 - 2 + p**2 + 4 + 4*p. Let h = -18 - -13. What are the prime factors of z(h)?
2
Suppose -2*g + 4*f + 26 = 0, 4*g - 4*f = 34 - 2. Suppose a - 32 = -g*a. What are the prime factors of a?
2
Let o(n) = n**3 - 9*n**2 - 8*n - 11. What are the prime factors of o(10)?
3
Let n = 9 - 4. Suppose 4*a - 5*x = 25, -9 = -4*a - n*x + 6. Let j = a + 1. List the prime factors of j.
2, 3
Let z(n) be the third derivative of 0 + n**2 + 7/24*n**4 + 0*n - 1/60*n**5 - 1/2*n**3. List the prime factors of z(6).
3
List the prime factors of 2/6 + -1 + 520/6.
2, 43
Let b(n) = -n**3 - 6*n**2. Let c be b(-6). Suppose 3*p + i - 9 = c, -4 = 2*p - 4*i + 4. List the prime factors of 0/p + (-24)/(-2).
2, 3
Let u(l) = -2*l**2 + 5*l - 4. Let m be u(5). Let f = m + 52. What are the prime factors of f?
23
Let o(f) = -f**3 + 6*f**2 + 2*f - 7. Let p be o(5). Let g = p + -13. What are the prime factors of g?
3, 5
Let r(c) = c - 3. Let x(q) = 6*q - 14. Let w(t) = -16*r(t) + 3*x(t). List the prime factors of w(7).
2, 5
Let s = -48 + 109. What are the prime factors of s?
61
Let z be 10*(-3)/(-3) + 3. Let d = 32 - z. What are the prime factors of d?
19
Let u(v) = v**3 + 6*v**2 - 8*v - 3. Let z be u(-7). Suppose -6 = -r + z. What are the prime factors of r?
2, 5
What are the prime factors of 2*-1 - 188/6*-6?
2, 3, 31
Let j(v) = 5*v**2 - 1. Let x be j(-1). List the prime factors of (-1)/x - 75/(-12).
2, 3
Let r = 17 - -88. Suppose -r = 3*q + 2*q. Let n = q + 31. List the prime factors of n.
2, 5
Suppose 